{"id":299,"date":"2022-04-20T21:48:12","date_gmt":"2022-04-20T21:48:12","guid":{"rendered":"https:\/\/caribmarine.com\/esp\/?page_id=299"},"modified":"2022-06-16T07:07:48","modified_gmt":"2022-06-16T07:07:48","slug":"defensas","status":"publish","type":"page","link":"https:\/\/caribmarine.com\/esp\/index.php\/defensas\/","title":{"rendered":"Defensas para botes"},"content":{"rendered":"<div class=\"\" style=\"\" >\n    \n    <section class=\"u-clearfix u-section-2\" id=\"sec-5b36\">\n      <div class=\"u-clearfix u-sheet u-sheet-1\">\n        <img decoding=\"async\" class=\"u-image u-image-default u-preserve-proportions u-image-1\" src=\"https:\/\/caribmarine.com\/esp\/wp-content\/uploads\/2022\/04\/eng-flag-3-1-5.png\" alt=\"\" data-image-width=\"120\" data-image-height=\"72\" data-href=\"https:\/\/caribmarine.com\/\" title=\"Homepage\">\n        <img decoding=\"async\" class=\"u-image u-image-default u-preserve-proportions u-image-2\" src=\"https:\/\/caribmarine.com\/esp\/wp-content\/uploads\/2022\/04\/spa-flag-1-1-5.png\" alt=\"\" data-image-width=\"120\" data-image-height=\"72\" data-href=\"https:\/\/caribmarine.com\/esp\/\" title=\"Pagina Principal\">\n      <\/div>\n    <\/section>\n    <section class=\"u-clearfix u-grey-5 u-section-3\" id=\"sec-d19b\">\n      <div class=\"u-clearfix u-sheet u-sheet-1\">\n        <img decoding=\"async\" class=\"u-expanded-width u-image u-image-default u-image-1\" src=\"https:\/\/caribmarine.com\/esp\/wp-content\/uploads\/2022\/04\/fender-cover-scaled-2.jpg\" alt=\"\" data-image-width=\"2560\" data-image-height=\"931\">\n        <div class=\"u-custom-color-3 u-shape u-shape-rectangle u-shape-1\"><\/div>\n        <img decoding=\"async\" class=\"u-image u-image-default u-image-2\" src=\"https:\/\/caribmarine.com\/esp\/wp-content\/uploads\/2022\/04\/fenders-2.png\" alt=\"\" data-image-width=\"844\" data-image-height=\"1800\">\n      <\/div>\n    <\/section>\n    <section class=\"u-clearfix u-grey-5 u-section-4\" id=\"sec-7f18\">\n      <div class=\"u-clearfix u-sheet u-sheet-1\">\n        <div class=\"u-custom-color-3 u-shape u-shape-rectangle u-shape-1\"><\/div>\n        <img decoding=\"async\" class=\"u-image u-image-contain u-image-default u-image-1\" src=\"https:\/\/caribmarine.com\/esp\/wp-content\/uploads\/2022\/04\/Defensas-para-botes-header-1.png\" alt=\"\" data-image-width=\"669\" data-image-height=\"140\">\n        <h2 class=\"u-text u-text-custom-color-4 u-text-1\"><b> Defensas de\nbote<\/b>\n        <\/h2>\n        <p class=\"u-text u-text-2\"> Los guardabarros Carib Marine son\nsimilares a los guardabarros de superyates que est\u00e1n pegados con el mismo\nmaterial del que est\u00e1n hechos los inflables. Estos guardabarros son mucho m\u00e1s\nligeros que los guardabarros de pvc en botes m\u00e1s peque\u00f1os. La parte d\u00e9bil de\nestos guardabarros es que generalmente se da\u00f1an cuando el bote est\u00e1 rodando y\nla l\u00ednea del guardabarros recibe una gran carga sobre \u00e9l. Sin embargo, los\nguardabarros Carib Marine tienen una construcci\u00f3n similar a una\n\"bolsa\" que distribuye esta carga mejor que otras.&nbsp; Tambi\u00e9n est\u00e1n muy bien de precio.\n&nbsp;\nLos guardabarros inflables son una\nsoluci\u00f3n perfecta. Requieren muy poco espacio de almacenamiento y son muy\nligeros. Inflar y desinflar es una brisa con v\u00e1lvulas de acci\u00f3n r\u00e1pida que\ntambi\u00e9n permiten una posici\u00f3n abierta permanente.<\/p>\n        <div class=\"u-table u-table-responsive u-table-1\">\n          <table class=\"u-table-entity\">\n            <colgroup>\n              <col width=\"50.2%\">\n              <col width=\"49.8%\">\n            <\/colgroup>\n            <thead class=\"u-custom-color-2 u-table-header u-table-header-1\">\n              <tr style=\"height: 48px;\">\n                <th class=\"u-table-cell\">Modelo<\/th>\n                <th class=\"u-table-cell\"> CRB\/SSF30X75BK<\/th>\n              <\/tr>\n            <\/thead>\n            <tbody class=\"u-table-alt-custom-color-3 u-table-body u-white u-table-body-1\">\n              <tr style=\"height: 101px;\">\n                <td class=\"u-first-column u-table-cell u-table-cell-3\"> Descripci\u00f3n<\/td>\n                <td class=\"u-table-cell\"> Fender, PVC Inflatable 30cm x 75cm Black<\/td>\n              <\/tr>\n              <tr style=\"height: 49px;\">\n                <td class=\"u-table-cell u-table-cell-5\">El precio**<\/td>\n                <td class=\"u-table-cell u-table-cell-6\">US$ 92.61<\/td>\n              <\/tr>\n            <\/tbody>\n          <\/table>\n        <\/div>\n        <div class=\"u-gallery u-layout-grid u-lightbox u-no-transition u-show-text-on-hover u-gallery-1\">\n          <div class=\"u-gallery-inner u-gallery-inner-1\">\n            <div class=\"u-effect-fade u-effect-hover-zoom u-gallery-item u-gallery-item-1\">\n              <div class=\"u-back-slide\" data-image-width=\"499\" data-image-height=\"1771\">\n                <img decoding=\"async\" class=\"u-back-image u-expanded u-image-contain\" src=\"https:\/\/caribmarine.com\/esp\/wp-content\/uploads\/2022\/04\/fender.png\">\n              <\/div>\n              <div class=\"u-over-slide u-shading u-over-slide-1\">\n                <h3 class=\"u-gallery-heading\"><\/h3>\n                <p class=\"u-gallery-text\"><\/p>\n              <\/div>\n            <\/div>\n          <\/div>\n        <\/div>\n        <div class=\"u-gallery u-layout-grid u-lightbox u-no-transition u-show-text-on-hover u-gallery-2\">\n          <div class=\"u-gallery-inner u-gallery-inner-2\">\n            <div class=\"u-effect-fade u-effect-hover-zoom u-gallery-item u-gallery-item-2\">\n              <div class=\"u-back-slide\" data-image-width=\"499\" data-image-height=\"1771\">\n                <img decoding=\"async\" class=\"u-back-image u-expanded u-image-contain\" src=\"https:\/\/caribmarine.com\/esp\/wp-content\/uploads\/2022\/04\/fender.png\">\n              <\/div>\n              <div class=\"u-over-slide u-shading u-over-slide-2\">\n                <h3 class=\"u-gallery-heading\"><\/h3>\n                <p class=\"u-gallery-text\"><\/p>\n              <\/div>\n            <\/div>\n          <\/div>\n        <\/div>\n        <div class=\"u-table u-table-responsive u-table-2\">\n          <table class=\"u-table-entity\">\n            <colgroup>\n              <col width=\"50.2%\">\n              <col width=\"49.8%\">\n            <\/colgroup>\n            <thead class=\"u-custom-color-2 u-table-header u-table-header-2\">\n              <tr style=\"height: 38px;\">\n                <th class=\"u-table-cell\">Modelo<\/th>\n                <th class=\"u-table-cell\"> CRB\/SSF30X75BK<\/th>\n              <\/tr>\n            <\/thead>\n            <tbody class=\"u-table-alt-custom-color-3 u-table-body u-white u-table-body-2\">\n              <tr style=\"height: 81px;\">\n                <td class=\"u-first-column u-table-cell u-table-cell-9\"> Descripci\u00f3n<\/td>\n                <td class=\"u-table-cell\"> Fender, PVC Inflatable 35cm x 100cm Black<\/td>\n              <\/tr>\n              <tr style=\"height: 37px;\">\n                <td class=\"u-table-cell u-table-cell-11\"> El precio**<\/td>\n                <td class=\"u-table-cell u-table-cell-12\">US$ 145.53<\/td>\n              <\/tr>\n            <\/tbody>\n          <\/table>\n        <\/div>\n        <h2 class=\"u-text u-text-custom-color-4 u-text-3\"><b>Defensas inflables<\/b>\n        <\/h2>\n        <p class=\"u-text u-text-4\"> Las defensas inflables Carib Marine utilizan una\nsola c\u00e1mara hecha de tela poli\u00e9ster&nbsp;pesada y de alto\ndenier (como la que se usa en los botes inflables) que tiene protecci\u00f3n UV\nincorporada y est\u00e1 fuertemente recubierta de PVC por dentro y por fuera. Cada\nguardabarros est\u00e1 pegado a mano con refuerzo de costura adicional para\ngarantizar la integridad.<\/p>\n        <div class=\"u-clearfix u-expanded-width-sm u-expanded-width-xs u-layout-wrap u-white u-layout-wrap-1\">\n          <div class=\"u-layout\" style=\"\">\n            <div class=\"u-layout-row\" style=\"\">\n              <div class=\"u-container-style u-layout-cell u-size-60 u-layout-cell-1\">\n                <div class=\"u-container-layout u-valign-middle u-container-layout-1\">\n                  <p class=\"u-text u-text-5\"> ** El precio de la \"Lista de San Mart\u00edn\" se basa en el precio\nde etiqueta en San Mart\u00edn. Debido a los impuestos y aranceles locales, los\nprecios en nuestras distintas ubicaciones pueden diferir del precio de\ncat\u00e1logo, y podemos explicarle las diferencias. Todas las localizaciones del\nGrupo Budget Marine se comprometen a ofrecerle el mejor precio posible. Los\nyates en tr\u00e1nsito, los clientes de exportaci\u00f3n y los no residentes que presenten\nuna prueba de esta condici\u00f3n pueden solicitar los precios de \u200bSan Mart\u00edn Offshore.<\/p>\n                <\/div>\n              <\/div>\n            <\/div>\n          <\/div>\n        <\/div>\n      <\/div>\n    <\/section>\n    \n    \n    \n  \n<\/div>","protected":false},"excerpt":{"rendered":"<p>Defensas de bote Los guardabarros Carib Marine son similares a los guardabarros de superyates que est\u00e1n pegados con el mismo material del que est\u00e1n hechos los inflables. Estos guardabarros son mucho m\u00e1s ligeros que los guardabarros de pvc en botes m\u00e1s peque\u00f1os. La parte d\u00e9bil de estos guardabarros es que generalmente se da\u00f1an cuando el&#8230;<\/p>\n","protected":false},"author":3,"featured_media":0,"parent":0,"menu_order":0,"comment_status":"closed","ping_status":"closed","template":"","meta":{"footnotes":""},"class_list":["post-299","page","type-page","status-publish","hentry"],"_links":{"self":[{"href":"https:\/\/caribmarine.com\/esp\/index.php\/wp-json\/wp\/v2\/pages\/299","targetHints":{"allow":["GET"]}}],"collection":[{"href":"https:\/\/caribmarine.com\/esp\/index.php\/wp-json\/wp\/v2\/pages"}],"about":[{"href":"https:\/\/caribmarine.com\/esp\/index.php\/wp-json\/wp\/v2\/types\/page"}],"author":[{"embeddable":true,"href":"https:\/\/caribmarine.com\/esp\/index.php\/wp-json\/wp\/v2\/users\/3"}],"replies":[{"embeddable":true,"href":"https:\/\/caribmarine.com\/esp\/index.php\/wp-json\/wp\/v2\/comments?post=299"}],"version-history":[{"count":5,"href":"https:\/\/caribmarine.com\/esp\/index.php\/wp-json\/wp\/v2\/pages\/299\/revisions"}],"predecessor-version":[{"id":594,"href":"https:\/\/caribmarine.com\/esp\/index.php\/wp-json\/wp\/v2\/pages\/299\/revisions\/594"}],"wp:attachment":[{"href":"https:\/\/caribmarine.com\/esp\/index.php\/wp-json\/wp\/v2\/media?parent=299"}],"curies":[{"name":"wp","href":"https:\/\/api.w.org\/{rel}","templated":true}]}}